-59 - -18?
-25
What is 51 + ((-15 - -11) + 11 - 29)?
29
What is -30 + (-3 - -43 - 1)?
9
-56 - (8 + (-5 + -9 + 6 - 1))
-55
What is the value of -44 + -7 + 96 - 107?
-62
Calculate -1 + (1 - 54) + -15 + 0 - 3.
-72
Evaluate -24 - (-111 - -91 - (-3 - (5 - 0))).
-12
What is (16 + -7 - 17) + -57?
-65
Calculate -3 + -8 + (7 + 6 + -46 - -5).
-39
Evaluate 45 - (-63 + 61) - -9.
56
What is -7 + 9 - (-12 - -18)?
-4
Calculate 3 - 8 - (-5 - (-2 - -5)) - 9.
-6
What is 13 - (-64 - (10 - 26)) - 12?
49
Evaluate 24 + -12 + 2 + -10 + (-3 - -9 - -27).
37
-15 - -40 - (8 - (10 - 6) - -8)
13
Evaluate 38 + 0 + (2225 - 2190).
73
What is the value of 6 - (-6 + 0 + (-347 - -366))?
-7
What is the value of 174 + -194 - (22 - 23)?
-19
Calculate 44 - 3 - (14 + -2 - (-45 - -56)).
40
(-10 - (9 + 8 + -12)) + -48 + -14
-77
What is the value of (19 - (55 - 41)) + 69?
74
Evaluate 60 - 31 - 28 - 38 - -114.
77
What is -5 + (3 - -9 - (31 + -44)) - 5?
15
Calculate 39 - (49 + 30 + -40 - 53).
53
-12 - -1 - (-56 - 111 - -112)
44
Calculate (0 - 31) + (20 - (-23 - -50)) + -2.
-40
What is 2242 + -2246 + (2 - (-1 + -55))?
54
0 + -64 - (0 + -4 + 48 + -21 + -30)
-57
(6256 - 6218) + (2 - (104 + -3))
-61
(-1 - -54 - (-9 + (-13 - -51) + -16)) + 1
41
What is the value of (-1 - 4) + -42 + (31 - 26 - -10) + -2?
-34
What is the value of -96 + 130 + -57 - -75?
52
Evaluate 4 + 2 - (32 + -39 + -18 - 13).
44
Evaluate -12 - ((26 - 14) + 8 + (-136 - 9)).
113
What is the value of (3 - (12 - 1)) + 9 + 10 + 33 + -32?
12
What is (1 - 7) + 63 + (5 - (18 - 29))?
73
Calculate -12 - (13 + -15 - 35) - 9.
16
Evaluate 8 - 15 - (-5 - (-3 + 5)) - 4.
-4
What is the value of 61 - (-7 + 31) - 0?
37
What is -2 + (15 - 11) + (-30 - (2 - -1))?
-31
Evaluate 24 - ((-55 - -52) + -1 + -19).
47
What is 25 + -2 + (0 - (8 - 9)) + -4 + 10?
30
What is (-104 - -55) + 32 - ((-8 - 1) + 0) - 1?
-9
What is -31 - (-70 - 10) - 4?
45
Calculate (-430 + 436 - (87 + -1)) + (4 - (12 - 2)).
-86
Evaluate 4 + -1 + (11 - (32 + -7)).
-11
Calculate (49 - (-99 - -132)) + -37.
-21
Calculate 0 + -99 + 1 + (588 - 608 - (6 + -16)).
-108
What is (44 - 29) + 29 + (-4 - (-2 + -3))?
45
Evaluate (442 - 440) + (5 + -6 + -2 - 1).
-2
What is -159 + (-67 - (-119 - -47))?
-154
What is -12 + (15 - (0 - 1)) - 82 - (-8 + 3)?
-73
Calculate -21 + -1 - ((-72 - -19) + 40).
-9
Calculate (-55 - 0) + (177 - -25) + -195.
-48
What is the value of 60 + 0 + 0 + -43 + 59 + -27?
49
Calculate 149 + -106 - 40 - (1 - -20).
-18
Calculate 40 - (-56 + 43 + 27).
26
-102 - (119 + (-284 - -62))
1
What is 17 + -2 + (-46 - (-42 - 10))?
21
What is 3 + -48 + 4 + -16?
-57
Calculate (-42 - -43 - (-4 + 60) - -20) + -1 + 13.
-23
Calculate 46 - (2 + 2) - (2488 + -2488).
42
What is (-3893 - -3897) + -2 + -74?
-72
Calculate (14 - (-10 + -33 + 7)) + 2 + -6 + 3.
49
9 + (97 - 81) + -3 + -4
18
What is -1 + 24 + 0 + (47 - -147 - 205)?
12
What is 10 - (-12 - (-28 + -7)) - (0 + 0 - -7)?
-20
Calculate -68 + 0 + 6 - (-733 + 731).
-60
28 + -43 + -15 - (0 + -68)
38
Calculate -9 + 12 + -7 + 50 + -2 + 0.
44
Calculate -18 + -30 + (12 - -38).
2
Calculate 34 + 24 + -107 + (41 - 9).
-17
What is -115 + 133 + 108 + -102?
24
-37 - (-10 - -63 - 29) - (1 - -18)
-80
Evaluate -11 + (17 - -6) + 98 - 34.
76
(-40 - -56) + 8 + (-1 - (-4 - 0))
27
96 + 9 + 1 + 9 + 12 + -18 + -2
107
What is the value of 27 - (-80 + 50) - 15?
42
What is (72 - 83) + 15 + -13 + -10?
-19
Evaluate ((15 - (15 + 15)) + 15 - 13) + 2 + -6.
-17
26 + -112 - -62 - (-5 - 89)
70
Calculate -136 + (520 - 391) - (0 + 18 + 0).
-25
Evaluate 80 + 111 - 102 - 152.
-63
Evaluate 30 + -5 - 7 - (37 + -45).
26
Calculate 100 + (-80 + 34 - -36) - 36.
54
What is the value of -11 + (13 - 10) - (32 + -19 + 20)?
-41
What is -33 - (-6 + (-9 - (-4 + -3 - 4)) + -3)?
-26
What is (-7 - 89) + (1682 - 1603)?
-17
What is (-50 - -64) + (-18 - 0) - -12?
8
What is 83 + -44 + -34 + 4 + (-1 - 12)?
-4
28 - (14 + -1 + -232 + 239 - 39)
47
Evaluate (15 + -12 - -9) + 8 - 8 - -2.
14
5 + (4 - 11 - (4 + -1 + -9)) + 59
63
What is the value of 3 + -20 - (-10 - (-45 - -51))?
-1
What is 17 + 0 - (0 - 1) - (-886 - -898) - 116?
-110
What is the value of -2 + -19 + 94 - (-28 - -5 - -8)?
88
What is 1 + (-20 + 26 - 40 - (-1 - 6))?
-26
What is 138 + -46 + (3 + -9 - -10 - (4 - 2))?
94
Calculate (-120 - (-64 + -40)) + 64.
48
What is (38 - 35) + -2 + (8 - (15 + -7)) + -47?
-46
Calculate (-51 - 0) + -74 + (94 - 8).
-39
Calculate (18 - 55 - -45 - 37) + -118.
-147
What is -187 - (-77 + -40) - -188?
118
What is 85 + -80 + (18 - 54)?
-31
Calculate (1 - 1 - -62) + (-83 - 22 - -94).
51
What is the value of 17 + 8 - (-3 - -34 - -47)?
-53
Calculate 5 + (8 - (-6 + 8 - -2)) + (-3 - 4).
2
What is the value of -1 + 1 + 0 + -2 - (218 + (-446 - -224))?
2
Evaluate 50 - ((-9 - -25) + -16 - -11).
39
Calculate 52 + (127 - 111) + -26.
42
25 + -34 + -1 + -8 + 24
6
What is the value of -9 + (107 - 17) - (-12 - -2 - -8)?
83
Calculate (426 - 421) + (28 - (2 + -4)) + 5.
40
0 + -1 + (17 + -15 + -13 - 21) - 6
-39
What is 524 - 505 - (2 - -66)?
-49
Evaluate (-383 + 375 - (-1 + -4 + -2 + 2)) + 34.
31
Calculate 57 + -10 + (-4 + 12 - -20) + -16.
59
What is the value of -76 - ((-910 - -955) + -82 + 2)?
-41
What is (-9 + 24 + 0 - 5) + 35?
45
What is -21 + 10 - (-42 + 73)?
-42
What is the value of -60 - (-20 - -51 - 42 - (-4 - -1))?
-52
Evaluate 540 - 547 - (-6 + 9 + -9).
-1
What is 41 - (8 + 1 + 0 + 9 + (189 - 207))?
41
Evaluate 14 + -5 - (-11 - (8 - 2)).
26
(-41 - (6 - ((-12 - -35) + -3))) + -3
-30
Calculate 64 - 18 - 37 - -21.
30
What is 18 + 49 + (-68 - -27)?
26
-6 + (16 - 88) + 21
-57
23 - (1 - (5 - 36))
-9
(25 - 1) + (-90 - -81 - 53)
-38
-23 + 4 + -22 + -17 + 29
-29
What is -30 + (-54 - -25 - -15)?
-44
What is 50 + 101 + -87 + -2 + (-17 - -5)?
50
Calculate (4 + -6 + -1 - -11) + -44 + 4 + -6.
-38
Calculate 6 + 59 + -55 - 72.
-62
Evaluate -31 + 9 + 65 + -7 + -8.
28
Evaluate -2 + -87 - (-1288 + 1244).
-45
Calculate (41 - 85 - -78) + -1.
33
Evaluate 8 - 29 - (561 - 607).
25
Calculate (-7 - 1 - 23 - (110 - 101)) + 6.
-34
What is the value of -1 - -4 - (-16 - (-17 + 0))?
2
What is the value of -15 - ((32 - 7 - 13 - 14) + (0 - -12))?
-25
What is (-4029 - -4040) + (-38 - 0)?
-27
Calculate 65 + -85 + 12 - (-2 - (68 - 4)).
58
What is (-2 - (1 - 3)) + (97 - 102) + 3 + 0?
-2
Evaluate (-1 - -9) + -90 + 40.
-42
What is 32 + (30 - 73) - ((-3 - 1) + -81)?
74
Calculate -222 + 233 - (-6 - 8 - (-1 - 1)).
23
(-25 + -5 - 18) + 58
10
Evaluate (33 - 52) + 0 + (45 - 7).
19
Evaluate 1 + (-22 - -10) + -5 + 33 + -5.
12
What is the value of -26 + 12 + 11 + -3 + -10?
-16
(-69 - (-26 + 52 - 48)) + (-1 - 9)
-57
Calculate -7 + -180 + 166 + -19 + -1 - (-3 + -4).
-34
1 - 13 - (1 - -71 - 18 - 184)
118
Calculate -21 + 47 + -17 + 2 + -20 - -69.
60
Calculate 146 - -8 - 107 - 64.
-17
What is (6 - 3) + (506 - 534)?
-25
Calculate 24 - (39 + (-61 - -16)) - (9 + -1).
22
Evaluate (-44 - -21) + 28 + 9.
14
What is the value of (6 - (-2 + (-10 - 13))) + (-4 - (-7 + 6))?
28
What is the value of 0 + 5 + -6 + 0 - (-9 - (12 - -10))?
30
What is -28 - (-27 + -22 - -29) - -63?
55
What is the value of -572 + 418 + (-11 - -42) + -2?
-125
Evaluate -126 + -21 + 42 - -23 - -35.
-47
Calculate (-9 - (48 + -73)) + 78 + (-8 - -1).
87
What is (21 - (2 - 1)) + -61568 + 61570?
22
What is (-7 - -38) + 11 - 65?
-23
Evaluate 2 - ((-8 - (-9 - 2)) + 0 + -37).
36
What is the value of 68 + (-19 - -10 - 2 - -29)?
86
Evaluate -142 + 4 - ((23 - -6) + (64 - 105)).
-126
Calculate 42 + 11 + -7 + (-7 - -4) + 6.
49
8 - 16 - -28 - (5 + 141)
-126
Calculate 61 - (99 + (-110 - -74)).
-2
Calculate -15 - (-6 - ((-64 - 26) + -8 + 8)).
-99
(-20 - (18 - -2)) + 6 + (-4 - -3)
-35
Evaluate -104 - ((222 - 107) + -164).
-55
Calculate 37533 + -37519 + (-2 - (54 - 2)).
-40
Evaluate (734 - 758) + (34 - -3).
13
Calculate -48 + (193 - 102 - 127).
-84
Evaluate 12 - (-1 + 0 - (-14 + (1 - -5) - 10)).
-5
50 - (106 + 99 + -102)
-53
-658 + 670 + 2 + (3 - 2) + -2
13
Calculate (-2 - -12) + -7 - (-19 + 8 - 72).
86
7 + (-10 + 4 - -12) + -9 + (5 - 64)
-55
Calculate 32 - ((41 - 49) + -27 + -4).
71
Calculate 58 + (-3 - 6) + (-6 - (-2 - (-7 + 13))).
51
What is the value of 208 - 195 - (2 + -6 - 2) - 3?
16
-10 + -1 + ((14 - -147) + -25 - (-10 + 26))
109
Evaluate -16 + -3 - (-116 + 66 + 45).
-14
-10 - (-312 + 352 - (0 + -8))
-58
Evaluate 77 + -85 + 3